ate the greatest common factor of 45 and n.
9
Let q(o) = -o**2 + 5*o + 3. Let t(n) = -n - 1. Let i(h) = -q(h) - 4*t(h). Let x be i(3). What is the highest common factor of x and 7?
7
Suppose 64 = -0*k + 4*k. Suppose 0 = 4*s - 0 - k. What is the highest common factor of 4 and s?
4
Let y(c) = -21*c**3 + c**2 + 10*c + 9. Let j be y(-1). Calculate the highest common factor of 35 and j.
7
Suppose k = 12 - 1. Calculate the highest common divisor of k and 1.
1
Let l be (-2 - 6)/(4/(-2)). Let s be ((-2)/(-3))/((-2)/(-6)). Suppose -3*u - 6 = 3*d, 5*u = s*u + 5*d + 18. What is the greatest common divisor of l and u?
1
Suppose -66 = -2*h - 5*g, 4*h + 2*g + 2*g = 108. What is the greatest common divisor of h and 253?
23
Suppose 3*u = -h + u + 4, -4*h + 5*u + 3 = 0. Let a(r) = r**3 + 4*r**2 + 3*r. Let o be a(-2). Calculate the greatest common factor of h and o.
2
Let q be -1 - -5 - (-5 - -5). What is the highest common divisor of 8 and q?
4
Suppose b - 3*b + 32 = -s, 2*b + s = 36. Suppose p = 4*c - c + 5, b = p + c. What is the greatest common factor of 21 and p?
7
Let k be -2 + 0 + 2 - -6. Let d = -3 - -3. Suppose d*j + 4 = 4*j - 5*y, 5*y + 1 = j. Calculate the greatest common factor of j and k.
1
Suppose -3*d + 600 = 2*d. Suppose 4*h = -0*h + d. Calculate the highest common factor of h and 3.
3
Let g be (-104)/(-18) + (-24)/(-108). Calculate the greatest common divisor of 30 and g.
6
Let v = 16 - -5. Let m = 3 - -4. Calculate the greatest common factor of v and m.
7
Let o be (-42)/(-9)*108/21. What is the highest common factor of 216 and o?
24
Suppose -2*j + 38 = 2*i, 0 = -5*i + 3*j - 2*j + 101. Let y be (8/6 - 3)*-3. What is the greatest common divisor of i and y?
5
Let p be 1/(1/5*-1). Let m = p + 10. Suppose -m*y - v = -0*v, 5*y + 5 = -2*v. Calculate the greatest common divisor of 4 and y.
1
Let y be 1/1 - 69/(-3). Suppose -m + y = 3*m. Suppose 5 = -4*j - 2*z + 19, 5*j + 4*z = 10. Calculate the highest common factor of m and j.
6
Let z(x) = x**3 + 4*x**2 - 3*x - 2. Let i be z(-4). Suppose r - 17 = -5. Let j = 92 - r. What is the greatest common factor of j and i?
10
Let v = -41 - -46. Calculate the highest common divisor of 55 and v.
5
Suppose 4*d - 4 - 135 = 3*s, -s + 135 = 4*d. What is the highest common divisor of d and 136?
34
Suppose 770 = z + 4*z. Let c = -50 + z. What is the highest common divisor of 13 and c?
13
Let j = 40 - 35. Calculate the highest common divisor of j and 5.
5
Let u = 23 + -1. What is the greatest common factor of 11 and u?
11
Suppose 0 = 3*q - 29 - 22. Let p be 85/(-2)*28/(-7). Calculate the highest common divisor of q and p.
17
Let x(i) = i**3 - 5*i**2 - 3*i - 6. Let p be x(6). Suppose 5*t - 5 = k - 28, 4*k = -4*t - 4. What is the greatest common divisor of p and k?
3
Let h(a) = -a**2 + a + 60. Let d be h(0). Let x(m) = 2*m**2 + 3*m - 4 + 2*m**2 + 1. Let o be x(-3). What is the greatest common factor of d and o?
12
Suppose -p = 2*i + 2, 4*i = 2*p - 9 - 11. Suppose -p*g + n = -10, 2*g - 14 = -0*g + 5*n. Calculate the highest common factor of g and 2.
2
Suppose 0 = 2*m - 4*c, 0*m - 5*c = -2*m + 4. Let v = m - -10. Calculate the greatest common factor of 14 and v.
2
Suppose 3*z = -2*z - 20, 4*n = -z + 36. Calculate the highest common factor of 10 and n.
10
Let s(w) = w**3 - w**2 + 4*w - 2. Let k be s(1). Let a(u) = -u - 2. Let c be a(2). Let i = k - c. What is the highest common factor of i and 30?
6
Let x(m) = -m**2 - 9*m + 2. Let w be x(-9). Suppose 62 = w*t - 42. What is the greatest common factor of 13 and t?
13
Let q = 20 + -12. Let w = q + -14. Let z = w + 10. Calculate the highest common factor of 12 and z.
4
Let i(g) = g**3 - g**2 - g. Let c(f) = 66*f**3 - 2*f**2 - 5*f + 1. Let j(h) = c(h) - 3*i(h). Let p be j(1). What is the highest common factor of p and 9?
9
Suppose -98 = -5*d - 2*d. What is the highest common divisor of 14 and d?
14
Suppose 844 = -2*i - 2*i + x, 2*x = -5*i - 1068. Let h be i/(-10) - 4/20. What is the highest common factor of 3 and h?
3
Suppose 2*c + 34 = 2*j - 2*c, 4*j - 32 = -c. Let d = 34 - 6. Let k = 46 - d. Calculate the highest common factor of j and k.
9
Suppose 0*b + 2*b = 18. Let w = b - 7. Let i be (15/9)/(w/18). What is the highest common factor of i and 3?
3
Let s = -19 - -29. What is the highest common divisor of s and 1?
1
Let c be 239/(1*(-1 + 0)). Let n = c + 383. What is the greatest common divisor of n and 18?
18
Suppose 104 + 70 = 6*w. Calculate the greatest common divisor of 203 and w.
29
Suppose -4*t + 1 = 4*g - 159, -2*g + 92 = -4*t. Calculate the highest common divisor of g and 56.
14
Let q = 9 + -6. Suppose -i = q*i - 84. Calculate the greatest common divisor of i and 168.
21
Let f = 380 - 180. What is the highest common factor of f and 8?
8
Suppose -40 = -7*f + 2*f. Let y = f - 0. Calculate the greatest common divisor of 20 and y.
4
Let g(a) = -a**2 - 10*a + 8. Let r be g(-8). Suppose -2*t + 5*t = r. What is the highest common factor of t and 8?
8
Let y(k) = 111*k**2 + 2*k + 1. Let z be y(-1). What is the highest common factor of 22 and z?
22
Let z = 14 - 6. Let r = 81 + -61. Calculate the greatest common factor of r and z.
4
Let x be (117/4)/(9/24). Let j be (6/9)/(4/x). Let o = 53 - -64. What is the greatest common divisor of j and o?
13
Suppose 0 = -0*o + o + 136. Let r = o - -208. What is the greatest common factor of 9 and r?
9
Let z be ((-4)/(-12))/((-2)/(-42)). Suppose z = 2*i - 13. What is the greatest common divisor of i and 2?
2
Let z = -4 - -7. Suppose -3*a = -5*w - 67, 0 = 4*a + z*w - 53 - 17. What is the greatest common divisor of 38 and a?
19
Let l(v) = 2*v**2 - 2*v + 2. Let y be l(2). Let s be 7 - 4/((-8)/(-6)). Let p be -60*(72/20 - s). Calculate the greatest common factor of y and p.
6
Suppose 2*n = 5*s - n - 13, s - 25 = -5*n. Suppose s*i + 0*i = 595. What is the greatest common divisor of i and 17?
17
Suppose -k + 391 = -j + 5*j, 5*k - 74 = -j. What is the greatest common factor of 18 and j?
9
Let x = -45 - -5. Let z = x - -67. Calculate the greatest common divisor of z and 3.
3
Let c = 2 + -2. Let o = c + 23. Let l = o + -15. Calculate the highest common factor of l and 32.
8
Suppose 0 = 3*t + 6, -t - 5 = -b + 2. Suppose x - 28 = -0*x. Let u be -8*(x/(-8) + 1). Calculate the highest common factor of b and u.
5
Let p = 121 + -101. What is the highest common divisor of p and 4?
4
Suppose -2*t = -3*t + 9. Calculate the greatest common divisor of 45 and t.
9
Let r(d) = -52*d - 9. Let y be r(-3). Calculate the highest common factor of 21 and y.
21
Let c be (0 + 8/(-20))*-810. Let b be ((-7)/(-3))/(6/c). What is the highest common factor of b and 18?
18
Let j(d) = -d**2 + 15*d - 3. Let n be j(13). What is the highest common factor of 46 and n?
23
Let w be 86/2 - (-3 + 1). What is the greatest common factor of w and 9?
9
Let l(i) = i**3 - 26*i**2 + 8*i + 34. Let p be l(26). Calculate the highest common factor of 22 and p.
22
Let w be 4*(-2)/(4/97). Let b be 2/7 - w/7. What is the greatest common divisor of b and 28?
28
Suppose -r - 3*r + 200 = 0. Suppose -2*i - r = -7*i. Let f be (-2)/(-3) + (-112)/(-12). What is the highest common divisor of i and f?
10
Let h = 46 - 22. Calculate the highest common factor of 36 and h.
12
Let r(h) = -5*h - 1 - h - 2*h + 6*h + 17*h**2. Let f be r(-1). Calculate the greatest common divisor of 9 and f.
9
Let o = -138 - -147. Calculate the greatest common factor of o and 36.
9
Suppose -2*x = -3*x + 70. Suppose -w + 2 = -2*y - 0*y, -5*y = 5*w - x. What is the highest common factor of 100 and w?
10
Suppose c = h + 73, -6*h - 12 = -2*h. Let f = 120 + -85. Let r = 49 - f. What is the highest common divisor of c and r?
14
Suppose 85 = 4*r - 31. What is the highest common factor of 29 and r?
29
Let n = 63 + -56. Calculate the greatest common factor of 42 and n.
7
Let z = 34 + -17. Let u be (150 - (-2)/1) + 1. What is the highest common divisor of z and u?
17
Suppose -4*o = -4*p + 12, o + p - 1 = 3*o. Calculate the highest common divisor of o and 22.
2
Let c be (1/(-3))/((-2)/36). What is the highest common factor of c and 18?
6
Let t = 16 - 14. Suppose -n = -t*n + 55. Calculate the greatest common factor of 11 and n.
11
Let a = -26 + 65. What is the highest common divisor of 273 and a?
39
Let j(b) be the second derivative of b**5/20